{"id":603,"date":"2016-01-08T13:30:34","date_gmt":"2016-01-08T13:30:34","guid":{"rendered":"http:\/\/podcampus.phwien.ac.at\/itatvs\/?page_id=603"},"modified":"2016-01-15T13:42:28","modified_gmt":"2016-01-15T13:42:28","slug":"itvs-beispiele-mobiles-lernen","status":"publish","type":"page","link":"https:\/\/podcampus.phwien.ac.at\/itatvs\/itvs-beispiele-mobiles-lernen","title":{"rendered":"It@VS Unterrichtsbeispiele"},"content":{"rendered":"<table>\n<tbody>\n<tr>\n<td>\u00a0<img loading=\"lazy\" decoding=\"async\" class=\"alignnone wp-image-619\" src=\"http:\/\/podcampus.phwien.ac.at\/itatvs\/files\/2015\/11\/Book-Writer-e1448714983459-150x150.png\" alt=\"Book Writer\" width=\"50\" height=\"50\" \/><\/td>\n<td><a href=\"http:\/\/podcampus.phwien.ac.at\/itatvs\/archives\/633\" target=\"_blank\"><span style=\"color: #008000\"><strong>Bildbeschreibung mit iPad<\/strong><\/span><\/a><\/td>\n<\/tr>\n<tr>\n<td><\/td>\n<td>\u00a0Alleine oder in Partnerarbeit am iPad mit Hilfe der App \u201cBook Writer\u201d zu einem Foto passende S\u00e4tze notieren. <a href=\"http:\/\/podcampus.phwien.ac.at\/itatvs\/archives\/633\" target=\"_blank\">Weiterlesen&#8230;<\/a><\/td>\n<\/tr>\n<tr>\n<td>\u00a0<img loading=\"lazy\" decoding=\"async\" class=\"alignnone wp-image-654\" src=\"http:\/\/podc&#97;&#109;&#112;&#117;&#115;&#46;&#112;&#x68;&#x77;&#x69;&#x65;&#x6e;&#x2e;&#x61;&#x63;&#x2e;&#x61;&#x74;&#x2f;itatvs&#47;&#102;&#105;&#108;&#101;&#115;&#47;&#x32;&#x30;&#x31;&#x35;&#x2f;&#x31;&#x31;&#x2f;&#x49;&#x54;&#x40;&#x56;S-Word&#67;&#108;&#111;&#117;&#100;&#115;&#45;&#x31;&#x35;&#x30;&#x78;&#x31;&#x35;&#x30;&#x2e;&#x6a;&#x70;&#x67;\" alt=\"IT@VS WordClouds\" width=\"50\" height=\"50\" \/><\/td>\n<td><a href=\"http:\/\/podcampus.phwien.ac.at\/itatvs\/archives\/653\" target=\"_blank\"><strong><span style=\"color: #008000\">Word Cloud<\/span><\/strong><\/a><\/td>\n<\/tr>\n<tr>\n<td><\/td>\n<td>Mit Hilfe der App \u201cWord Clouds\u201d Lernw\u00f6rter \u00fcben und kreativ darstellen. <a href=\"http:\/\/podcampus.phwien.ac.at\/itatvs\/archives\/653\" target=\"_blank\">Weiterlesen&#8230;<\/a><\/td>\n<\/tr>\n<tr>\n<td>\u00a0<img loading=\"lazy\" decoding=\"async\" class=\"alignnone wp-image-670\" src=\"http:\/\/podcampus.phwien.ac.at\/itatvs\/files\/2015\/11\/InternetRallye_Logo-e1448717061333-150x150.jpg\" alt=\"InternetRallye_Logo\" width=\"50\" height=\"50\" \/><\/td>\n<td><strong><span style=\"color: #008000\"><a href=\"http:\/\/podcampus.phwien.ac.at\/itatvs\/archives\/669\" target=\"_blank\">Internetrallye<\/a><\/span><\/strong><\/td>\n<\/tr>\n<tr>\n<td><\/td>\n<td><span style=\"color: #000000\">In Form einer Schniteljagd Fragen beantworten. <a href=\"http:\/\/podcampus.phwien.ac.at\/itatvs\/archives\/669\">Weiterlesen&#8230;<\/a><br \/>\n<\/span><\/td>\n<\/tr>\n<tr>\n<td>\u00a0<img loading=\"lazy\" decoding=\"async\" class=\"alignnone wp-image-681\" src=\"http:\/\/podcampus.phwien.ac.at\/itatvs\/files\/2015\/11\/solar-walk-150x150.jpg\" alt=\"solar walk\" width=\"50\" height=\"50\" srcset=\"https:\/\/podcampus.phwien.ac.at\/itatvs\/files\/2015\/11\/solar-walk-150x150.jpg 150w, https:\/\/podcampus.phwien.ac.at\/itatvs\/files\/2015\/11\/solar-walk.jpg 210w\" sizes=\"auto, (max-width: 50px) 100vw, 50px\" \/><\/td>\n<td><a href=\"http:\/\/podcampus.phwien.ac.at\/itatvs\/archives\/680\" target=\"_blank\"><strong><span style=\"color: #008000\">\u00a0Solar Walk<\/span><\/strong><\/a><\/td>\n<\/tr>\n<tr>\n<td><\/td>\n<td>Mit der App \u201eSolar Walk\u201c ein interaktives Sonnensystem erforschen. <a href=\"http:\/\/podcampus.phwien.ac.at\/itatvs\/archives\/680\" target=\"_blank\">Weiterlesen&#8230;<\/a><\/td>\n<\/tr>\n<tr>\n<td>\u00a0<img loading=\"lazy\" decoding=\"async\" class=\"alignnone wp-image-685\" src=\"http:\/\/podcampus.phwien.ac.at\/itatvs\/files\/2015\/11\/befunky-150x150.jpg\" alt=\"befunky\" width=\"50\" height=\"50\" \/><\/td>\n<td>\u00a0<strong><span style=\"color: #008000\"><a href=\"http:\/\/podcampus.phwien.ac.at\/itatvs\/archives\/684\" target=\"_blank\">Moderne K\u00fcnstler \u2013 BeFunky<\/a><\/span><\/strong><\/td>\n<\/tr>\n<tr>\n<td><\/td>\n<td>Bilder mit modernen Medien kreativ gestalten. <a href=\"http:\/\/podcampus.phwien.ac.at\/itatvs\/archives\/684\" target=\"_blank\">Weiterlesen&#8230;<\/a><\/td>\n<\/tr>\n<tr>\n<td>\u00a0<img loading=\"lazy\" decoding=\"async\" class=\"alignnone wp-image-717\" src=\"http:\/\/podcampus.phwien.ac.at\/itatvs\/files\/2015\/11\/4-F\u00e4lle-gFlash-150x150.png\" alt=\"4 F\u00e4lle gFlash\" width=\"50\" height=\"50\" \/><\/td>\n<td><strong><span style=\"color: #008000\"><a href=\"http:\/\/podcampus.phwien.ac.at\/itatvs\/archives\/709\" target=\"_blank\">4 F\u00e4lle mit gFlash<\/a><\/span><\/strong><\/td>\n<\/tr>\n<tr>\n<td><\/td>\n<td><span style=\"color: #008000\"><span style=\"color: #000000\">M<\/span><\/span><span style=\"color: #000000\">it Hilfe einer Google Tabelle ein Karteikarten-Quiz erstellen und mit gFlash \u00fcben. <a href=\"http:\/\/podcampus.phwien.ac.at\/itatvs\/archives\/709\" target=\"_blank\">Weiterlesen&#8230;<\/a><\/span><\/td>\n<\/tr>\n<tr>\n<td>\u00a0<img loading=\"lazy\" decoding=\"async\" class=\"alignnone wp-image-727\" src=\"http:\/\/podcampus.phwien.ac.at\/itatvs\/files\/2015\/11\/QR-Code-150x150.png\" alt=\"QR Code\" width=\"50\" height=\"50\" \/><\/td>\n<td><strong><span style=\"color: #008000\"><a href=\"http:\/\/podcampus.phwien.ac.at\/itatvs\/archives\/715\" target=\"_blank\">QR Code<\/a><\/span><\/strong><\/td>\n<\/tr>\n<tr>\n<td><\/td>\n<td><span style=\"color: #008000\"><span style=\"color: #000000\">E<\/span><\/span><span style=\"color: #008000\"><span style=\"color: #000000\">inen QR-Code scannen und die Lernw\u00f6rter\/S\u00e4tze in ihrem Heft oder auf ihrem Blatt notieren. <a href=\"http:\/\/podcampus.phwien.ac.at\/itatvs\/archives\/715\" target=\"_blank\">Weiterlesen&#8230;<\/a><br \/>\n<\/span><\/span><\/td>\n<\/tr>\n<tr>\n<td>\u00a0<img loading=\"lazy\" decoding=\"async\" class=\"alignnone wp-image-730\" src=\"http:\/\/podcampus.phwien.ac.at\/itatvs\/files\/2015\/11\/Collagen-erstellen-mit-Pic-Collage-150x150.jpg\" alt=\"Collagen erstellen mit Pic Collage\" width=\"50\" height=\"50\" srcset=\"https:\/\/podcampus.phwien.ac.at\/itatvs\/files\/2015\/11\/Collagen-erstellen-mit-Pic-Collage-150x150.jpg 150w, https:\/\/podcampus.phwien.ac.at\/itatvs\/files\/2015\/11\/Collagen-erstellen-mit-Pic-Collage-300x300.jpg 300w, https:\/\/podcampus.phwien.ac.at\/itatvs\/files\/2015\/11\/Collagen-erstellen-mit-Pic-Collage-1024x1024.jpg 1024w, https:\/\/podcampus.phwien.ac.at\/itatvs\/files\/2015\/11\/Collagen-erstellen-mit-Pic-Collage.jpg 1600w\" sizes=\"auto, (max-width: 50px) 100vw, 50px\" \/><\/td>\n<td><strong><span style=\"color: #008000\"><a href=\"http:\/\/podcampus.phwien.ac.at\/itatvs\/archives\/711\" target=\"_blank\">Collagen erstellen<\/a><\/span><\/strong><\/td>\n<\/tr>\n<tr>\n<td><\/td>\n<td><span style=\"color: #008000\"><span style=\"color: #000000\">Fotos voneinander machen und diese in Pic Collage einbinden. <a href=\"http:\/\/podcampus.phwien.ac.at\/itatvs\/archives\/711\" target=\"_blank\">Weiterlesen&#8230;<\/a><br \/>\n<\/span><\/span><\/td>\n<\/tr>\n<tr>\n<td>\u00a0<img loading=\"lazy\" decoding=\"async\" class=\"alignnone wp-image-735\" src=\"http:\/\/podcampus.phwien.ac.at\/itatvs\/files\/2015\/11\/Comic-erstellen-150x150.jpg\" alt=\"Comic erstellen\" width=\"50\" height=\"50\" \/><\/td>\n<td><strong><span style=\"color: #008000\"><a href=\"http:\/\/podcampus.phwien.ac.at\/itatvs\/archives\/713\" target=\"_blank\">Comic erstellen<\/a><br \/>\n<\/span><\/strong><\/td>\n<\/tr>\n<tr>\n<td><\/td>\n<td>Alleine oder in Partnerarbeit am iPad mit Hilfe der App \u201cHalftone 2\u201d ein Comic erstellen. <a href=\"http:\/\/podcampus.phwien.ac.at\/itatvs\/files\/2015\/11\/Comic-erstellen-mit-Halftone-2.pdf\" target=\"_blank\">Weiterlesen&#8230;<\/a><\/td>\n<\/tr>\n<tr>\n<td>\u00a0<img loading=\"lazy\" decoding=\"async\" class=\"alignnone wp-image-791\" src=\"http:\/\/podcampus.phwien.ac.at\/itatvs\/files\/2015\/12\/Transparent-Earth-150x150.png\" alt=\"Transparent Earth\" width=\"50\" height=\"50\" \/><\/td>\n<td><strong><span style=\"color: #008000\"><a href=\"http:\/\/podcampus.phwien.ac.at\/itatvs\/archives\/779\" target=\"_blank\">Transparent earth<\/a><\/span><\/strong><\/td>\n<\/tr>\n<tr>\n<td><\/td>\n<td>Alleine oder in Partnerarbeit mit Hilfe der App \u201cTransparent Earth\u201d K\u00e4rtchen mit St\u00e4dten entsprechend der korrekten Himmelsrichtung zuordnen. <a href=\"http:\/\/podcampus.phwien.ac.at\/itatvs\/archives\/779\" target=\"_blank\">Weiterlesen&#8230;<\/a><\/td>\n<\/tr>\n<tr>\n<td>\u00a0<img loading=\"lazy\" decoding=\"async\" class=\"alignnone wp-image-795\" src=\"http:\/\/podcampus.phwien.ac.at\/itatvs\/files\/2015\/12\/word-art-150x150.png\" alt=\"word art\" width=\"50\" height=\"50\" srcset=\"https:\/\/podcampus.phwien.ac.at\/itatvs\/files\/2015\/12\/word-art-150x150.png 150w, https:\/\/podcampus.phwien.ac.at\/itatvs\/files\/2015\/12\/word-art-300x300.png 300w, https:\/\/podcampus.phwien.ac.at\/itatvs\/files\/2015\/12\/word-art.png 768w\" sizes=\"auto, (max-width: 50px) 100vw, 50px\" \/><\/td>\n<td><a href=\"http:\/\/podcampus.phwien.ac.at\/itatvs\/archives\/777\" target=\"_blank\"><strong><span style=\"color: #008000\">Word Art<\/span><\/strong><\/a><\/td>\n<\/tr>\n<tr>\n<td><\/td>\n<td>Alleine oder in Partnerarbeit am Tablet mit Hilfe der App \u201cWordArt\u201d Lernw\u00f6rter \u00fcben und kreativ darstellen. <a href=\"http:\/\/podcampus.phwien.ac.at\/itatvs\/archives\/777\" target=\"_blank\">Weiterlesen&#8230;<\/a><\/td>\n<\/tr>\n<tr>\n<td>\u00a0<img loading=\"lazy\" decoding=\"async\" class=\"alignnone wp-image-802\" src=\"http:\/\/podcampus.phwien.ac.at\/itatvs\/files\/2015\/12\/learningapps-e1449486426995-150x150.jpg\" alt=\"learningapps\" width=\"50\" height=\"27\" srcset=\"https:\/\/podcampus.phwien.ac.at\/itatvs\/files\/2015\/12\/learningapps-e1449486426995-300x162.jpg 300w, https:\/\/podcampus.phwien.ac.at\/itatvs\/files\/2015\/12\/learningapps-e1449486426995.jpg 942w\" sizes=\"auto, (max-width: 50px) 100vw, 50px\" \/><\/td>\n<td><strong><span style=\"color: #008000\"><a href=\"http:\/\/podcampus.phwien.ac.at\/itatvs\/archives\/775\" target=\"_blank\">Learning Apps<\/a><\/span><\/strong><\/td>\n<\/tr>\n<tr>\n<td><\/td>\n<td>Die Sch\u00fclerinnen und Sch\u00fcler erstellen selbstst\u00e4ndig zu einem im Unterricht behandelten Thema ein Quiz im &#8222;Wer wird Million\u00e4r&#8220; Format. <a href=\"http:\/\/podcampus.phwien.ac.at\/itatvs\/archives\/775\" target=\"_blank\">Weiterlesen&#8230;<\/a><\/td>\n<\/tr>\n<tr>\n<td>\u00a0<img loading=\"lazy\" decoding=\"async\" class=\"alignnone wp-image-819\" src=\"http:\/\/podcampus.phwien.ac.at\/itatvs\/files\/2015\/12\/Internet-Recherche-150x150.jpg\" alt=\"Internet Recherche\" width=\"50\" height=\"50\" \/><\/td>\n<td><a href=\"http:\/\/podcampus.phwien.ac.at\/itatvs\/archives\/773\" target=\"_blank\"><strong><span style=\"color: #008000\">Internetreceherche<\/span><\/strong><\/a><\/td>\n<\/tr>\n<tr>\n<td><\/td>\n<td>Eine Kindersuchmaschine kennen lernen. <a href=\"http:\/\/podcampus.phwien.ac.at\/itatvs\/archives\/773\" target=\"_blank\">Weiterlesen&#8230;<\/a><\/td>\n<\/tr>\n<tr>\n<td>\u00a0<img loading=\"lazy\" decoding=\"async\" class=\"alignnone wp-image-825\" src=\"http:\/\/podcampus.phwien.ac.at\/itatvs\/files\/2015\/12\/Gl\u00fcckstagebuch-150x150.jpg\" alt=\"Gl\u00fcckstagebuch\" width=\"50\" height=\"50\" \/><\/td>\n<td><a href=\"http:\/\/podcampus.phwien.ac.at\/itatvs\/archives\/771\" target=\"_blank\"><strong><span style=\"color: #008000\">Gl\u00fcckstagebuch<\/span><\/strong><\/a><\/td>\n<\/tr>\n<tr>\n<td><\/td>\n<td>Alleine in Excel ein pers\u00f6nliches \u201cGl\u00fcckstagebuch\u201d erstellen und t\u00e4glich \u2013 eine Woche lang \u2013 bef\u00fcllen. <a href=\"http:\/\/podcampus.phwien.ac.at\/itatvs\/archives\/771\" target=\"_blank\">Weiterlesen&#8230;<\/a><\/td>\n<\/tr>\n<tr>\n<td>\u00a0<img loading=\"lazy\" decoding=\"async\" class=\"alignnone wp-image-833\" src=\"http:\/\/podcampus.phwien.ac.at\/itatvs\/files\/2015\/12\/Tellagami-Pr\u00e4sentation-150x150.jpg\" alt=\"Tellagami Pr\u00e4sentation\" width=\"50\" height=\"50\" \/><\/td>\n<td><strong><span style=\"color: #008000\"><a href=\"http:\/\/podcampus.phwien.ac.at\/itatvs\/archives\/810\" target=\"_blank\">Tellagami<\/a><\/span><\/strong><\/td>\n<\/tr>\n<tr>\n<td><\/td>\n<td>Mit der App Tellagami den Beruf ihrer Eltern oder eines anderen Verwandten oder Bekannten vorstellen. <a href=\"http:\/\/podcampus.phwien.ac.at\/itatvs\/archives\/810\" target=\"_blank\">Weiterlesen&#8230;<\/a><\/td>\n<\/tr>\n<tr>\n<td>\u00a0<img loading=\"lazy\" decoding=\"async\" class=\"alignnone wp-image-839\" src=\"http:\/\/podcampus.phwien.ac.at\/itatvs\/files\/2015\/12\/Rechenmeister-150x150.jpg\" alt=\"Rechenmeister\" width=\"50\" height=\"50\" \/><\/td>\n<td><strong><span style=\"color: #008000\"><a href=\"http:\/\/podcampus.phwien.ac.at\/itatvs\/archives\/815\" target=\"_blank\">Rechenmeister<\/a><\/span><\/strong><\/td>\n<\/tr>\n<tr>\n<td><\/td>\n<td>Mit der App Rechenmeister die Grundrechenarten in denen von ihnen gew\u00e4hlten Schritten \u00fcben. <a href=\"http:\/\/podcampus.phwien.ac.at\/itatvs\/archives\/815\" target=\"_blank\">Weiterlesen&#8230;<\/a><\/td>\n<\/tr>\n<tr>\n<td>\u00a0<img loading=\"lazy\" decoding=\"async\" class=\"alignnone wp-image-849\" src=\"http:\/\/podcampus.phwien.ac.at\/itatvs\/files\/2015\/12\/eBook-erstellen-150x150.png\" alt=\"eBook erstellen\" width=\"50\" height=\"50\" \/><\/td>\n<td><a href=\"http:\/\/podcampus.phwien.ac.at\/itatvs\/archives\/817\" target=\"_blank\"><strong><span style=\"color: #008000\">eBook erstellen<\/span><\/strong><\/a><\/td>\n<\/tr>\n<tr>\n<td><\/td>\n<td>Eine PowerPoint Pr\u00e4sentation erstellen und mit Hilfe der Software Calam\u00e9o ein E-Book daraus herstellen. <a href=\"http:\/\/podcampus.phwien.ac.at\/itatvs\/archives\/817\" target=\"_blank\">Weiterlesen&#8230;<\/a><\/td>\n<\/tr>\n<tr>\n<td>\u00a0<img loading=\"lazy\" decoding=\"async\" class=\"alignnone wp-image-856\" src=\"http:\/\/podcampus.phwien.ac.at\/itatvs\/files\/2015\/12\/Bildbeschreibung-mit-Android-150x150.jpg\" alt=\"Bildbeschreibung mit Android\" width=\"50\" height=\"50\" \/><\/td>\n<td><strong><span style=\"color: #008000\"><a href=\"http:\/\/podcampus.phwien.ac.at\/itatvs\/archives\/853\" target=\"_blank\">Bildbeschreibung<\/a><\/span><\/strong><\/td>\n<\/tr>\n<tr>\n<td><\/td>\n<td>Alleine oder in Partnerarbeit am Tablet mit Hilfe der App \u201eInNote\u201d zu einem Foto passende S\u00e4tze notieren. <a href=\"http:\/\/podcampus.phwien.ac.at\/itatvs\/archives\/853\" target=\"_blank\">Weiterlesen&#8230;<\/a><\/td>\n<\/tr>\n<tr>\n<td>\u00a0<img loading=\"lazy\" decoding=\"async\" class=\"alignnone wp-image-870\" src=\"http:\/\/podcampus.phwien.ac.at\/itatvs\/files\/2015\/12\/Theater-spielen-e1450606187101.jpg\" alt=\"Theater spielen\" width=\"50\" height=\"45\" \/><\/td>\n<td><strong><span style=\"color: #008000\"><a href=\"http:\/\/podcampus.phwien.ac.at\/itatvs\/archives\/853\" target=\"_blank\">Theater spielen<\/a><\/span><\/strong><\/td>\n<\/tr>\n<tr>\n<td><\/td>\n<td>Zu zweit jeweils die Rolle einer historischen Figur schl\u00fcpfen und eine kleine Darbietung geben. <a href=\"http:\/\/podcampus.phwien.ac.at\/itatvs\/archives\/860\" target=\"_blank\">Weiterlesen&#8230;<\/a><\/td>\n<\/tr>\n<tr>\n<td>\u00a0<img loading=\"lazy\" decoding=\"async\" class=\"alignnone wp-image-876\" src=\"http:\/\/podcampus.phwien.ac.at\/itatvs\/files\/2015\/12\/Animieren-von-Bildern-150x98.jpg\" alt=\"Animieren von Bildern\" width=\"50\" height=\"33\" \/><\/td>\n<td><strong><span style=\"color: #008000\"><a href=\"http:\/\/podcampus.phwien.ac.at\/itatvs\/archives\/875\" target=\"_blank\">Animieren von Bildern<\/a><\/span><\/strong><\/td>\n<\/tr>\n<tr>\n<td><\/td>\n<td>Mit Hilfe der App creative Kids ein erstelltes Bild animieren. <a href=\"http:\/\/podcampus.phwien.ac.at\/itatvs\/archives\/875\" target=\"_blank\">Weiterlesen&#8230;<\/a><\/td>\n<\/tr>\n<tr>\n<td>\u00a0<img loading=\"lazy\" decoding=\"async\" class=\"alignnone wp-image-883\" src=\"http:\/\/podcampus.phwien.ac.at\/itatvs\/files\/2015\/12\/Unbenannt-150x150.jpg\" alt=\"Antolin\" width=\"50\" height=\"50\" \/><\/td>\n<td><strong><span style=\"color: #008000\"><a href=\"http:\/\/podcampus.phwien.ac.at\/itatvs\/archives\/882\" target=\"_blank\">Antolin<\/a><\/span><\/strong><\/td>\n<\/tr>\n<tr>\n<td><\/td>\n<td>Arbeiten mit der online Plattform &#8222;Antolin&#8220; &#8211; Fragen zu\u00a0 gelesenen B\u00fcchern auf einer online Plattform beantworten. <a href=\"http:\/\/podcampus.phwien.ac.at\/itatvs\/archives\/882\" target=\"_blank\">Weiterlesen&#8230;<\/a><\/td>\n<\/tr>\n<tr>\n<td>\u00a0<img loading=\"lazy\" decoding=\"async\" class=\"alignnone wp-image-891\" src=\"http:\/\/podcampus.phwien.ac.at\/itatvs\/files\/2015\/12\/Unbenannt1-150x150.jpg\" alt=\"Unbenannt\" width=\"50\" height=\"50\" \/><\/td>\n<td><strong><span style=\"color: #008000\"><a href=\"http:\/\/podcampus.phwien.ac.at\/itatvs\/archives\/889\" target=\"_blank\">Schattenbilder erstellen<\/a><br \/>\n<\/span><\/strong><\/td>\n<\/tr>\n<tr>\n<td><\/td>\n<td><span style=\"color: #000000\">Die Sch\u00fclerinnen und Sch\u00fcler erstellen Schattenbilder und bearbeiten Fotos mit der App Brushes. <a href=\"http:\/\/podcampus.phwien.ac.at\/itatvs\/archives\/889\" target=\"_blank\">Weiterlesen&#8230;<\/a><br \/>\n<\/span><\/td>\n<\/tr>\n<\/tbody>\n<\/table>\n<p>&nbsp;<\/p>\n","protected":false},"excerpt":{"rendered":"<p>\u00a0 Bildbeschreibung mit iPad \u00a0Alleine oder in Partnerarbeit am iPad mit Hilfe der App \u201cBook Writer\u201d zu einem Foto passende S\u00e4tze notieren. Weiterlesen&#8230; \u00a0 Word Cloud Mit Hilfe der App \u201cWord Clouds\u201d Lernw\u00f6rter \u00fcben und kreativ darstellen. Weiterlesen&#8230; \u00a0 Internetrallye In Form einer Schniteljagd Fragen beantworten. Weiterlesen&#8230; \u00a0 \u00a0Solar Walk Mit der App \u201eSolar Walk\u201c <a class=\"more-link excerpt-link\" href=\"https:\/\/podcampus.phwien.ac.at\/itatvs\/itvs-beispiele-mobiles-lernen\">Weiterlesen<span class=\"glyphicon glyphicon-chevron-right\"><\/span><\/a><\/p>\n","protected":false},"author":136,"featured_media":0,"parent":0,"menu_order":0,"comment_status":"closed","ping_status":"closed","template":"","meta":{"footnotes":""},"class_list":["post-603","page","type-page","status-publish","hentry"],"acf":[],"_links":{"self":[{"href":"https:\/\/podcampus.phwien.ac.at\/itatvs\/wp-json\/wp\/v2\/pages\/603","targetHints":{"allow":["GET"]}}],"collection":[{"href":"https:\/\/podcampus.phwien.ac.at\/itatvs\/wp-json\/wp\/v2\/pages"}],"about":[{"href":"https:\/\/podcampus.phwien.ac.at\/itatvs\/wp-json\/wp\/v2\/types\/page"}],"author":[{"embeddable":true,"href":"https:\/\/podcampus.phwien.ac.at\/itatvs\/wp-json\/wp\/v2\/users\/136"}],"replies":[{"embeddable":true,"href":"https:\/\/podcampus.phwien.ac.at\/itatvs\/wp-json\/wp\/v2\/comments?post=603"}],"version-history":[{"count":35,"href":"https:\/\/podcampus.phwien.ac.at\/itatvs\/wp-json\/wp\/v2\/pages\/603\/revisions"}],"predecessor-version":[{"id":953,"href":"https:\/\/podcampus.phwien.ac.at\/itatvs\/wp-json\/wp\/v2\/pages\/603\/revisions\/953"}],"wp:attachment":[{"href":"https:\/\/podcampus.phwien.ac.at\/itatvs\/wp-json\/wp\/v2\/media?parent=603"}],"curies":[{"name":"wp","href":"https:\/\/api.w.org\/{rel}","templated":true}]}}