{"id":658,"date":"2013-11-02T18:00:00","date_gmt":"2013-11-02T16:00:00","guid":{"rendered":"http:\/\/podcampus.phwien.ac.at\/radiobox\/?page_id=658"},"modified":"2017-01-27T12:15:18","modified_gmt":"2017-01-27T10:15:18","slug":"anmeldung-tagung-2017","status":"publish","type":"page","link":"https:\/\/podcampus.phwien.ac.at\/radiobox\/anmeldung-tagung-2017","title":{"rendered":"Anmeldung Tagung 2017"},"content":{"rendered":"<p>F\u00fcr die <strong>Quartierreservierung<\/strong> bitte untenstehendes Formular ausf\u00fcllen.<\/p>\n<p>Die <strong>Anmeldung f\u00fcr LehrerInnen<\/strong> erfolgt aufgrund dienstrechtlicher Vorgaben \u00fcber PH-Online an der PH Wien: \u00a0Veranstaltungsnr:\u00a0<a href=\"https:\/\/www.ph-online.ac.at\/ph-wien\/wblv.wbShowLvDetail?pStpSpNr=229897&amp;pSpracheNr=1&amp;pMUISuche=FALSE\">4017MPB001 \u2013 6. Fachtagung \u201cRadio und Schule\u201d<\/a>\u00a0&#8211; Der Inskriptionszeitraum ist bereits abgelaufen.<\/p>\n<p>Die <strong>Anmeldung f\u00fcr Nicht- LehrerInnen<\/strong> erfolgt &#8211; zusammen mit der Quartierreservierung im Formular unten.<\/p>\n<p>Bei Fragen bitte Tagungsleitung kontaktieren: christian.berger(at)phwien.ac.at<br \/>\n<iframe loading=\"lazy\" src=\"https:\/\/docs.google.com\/forms\/d\/e\/1FAIpQLSdycxhPtwMIaBUIzVD6kTykHloBK2D6m5qE0luBrm9dm3a-fw\/viewform?embedded=true\" width=\"760\" height=\"500\" frameborder=\"0\" marginwidth=\"0\" marginheight=\"0\">Wird geladen&#8230;<\/iframe><\/p>\n","protected":false},"excerpt":{"rendered":"<p>F\u00fcr die Quartierreservierung bitte untenstehendes Formular ausf\u00fcllen. Die Anmeldung f\u00fcr LehrerInnen erfolgt aufgrund dienstrechtlicher Vorgaben \u00fcber PH-Online an der PH Wien: \u00a0Veranstaltungsnr:\u00a04017MPB001 \u2013 6. Fachtagung \u201cRadio und Schule\u201d\u00a0&#8211; Der Inskriptionszeitraum ist bereits abgelaufen. Die Anmeldung f\u00fcr Nicht- LehrerInnen erfolgt &#8211; &hellip; <a href=\"https:\/\/podcampus.phwien.ac.at\/radiobox\/anmeldung-tagung-2017\">Weiterlesen <span class=\"meta-nav\">&rarr;<\/span><\/a><\/p>\n","protected":false},"author":4,"featured_media":0,"parent":0,"menu_order":0,"comment_status":"closed","ping_status":"closed","template":"","meta":{"footnotes":""},"class_list":["post-658","page","type-page","status-publish","hentry"],"acf":[],"_links":{"self":[{"href":"https:\/\/podcampus.phwien.ac.at\/radiobox\/wp-json\/wp\/v2\/pages\/658","targetHints":{"allow":["GET"]}}],"collection":[{"href":"https:\/\/podcampus.phwien.ac.at\/radiobox\/wp-json\/wp\/v2\/pages"}],"about":[{"href":"https:\/\/podcampus.phwien.ac.at\/radiobox\/wp-json\/wp\/v2\/types\/page"}],"author":[{"embeddable":true,"href":"https:\/\/podcampus.phwien.ac.at\/radiobox\/wp-json\/wp\/v2\/users\/4"}],"replies":[{"embeddable":true,"href":"https:\/\/podcampus.phwien.ac.at\/radiobox\/wp-json\/wp\/v2\/comments?post=658"}],"version-history":[{"count":14,"href":"https:\/\/podcampus.phwien.ac.at\/radiobox\/wp-json\/wp\/v2\/pages\/658\/revisions"}],"predecessor-version":[{"id":1405,"href":"https:\/\/podcampus.phwien.ac.at\/radiobox\/wp-json\/wp\/v2\/pages\/658\/revisions\/1405"}],"wp:attachment":[{"href":"https:\/\/podcampus.phwien.ac.at\/radiobox\/wp-json\/wp\/v2\/media?parent=658"}],"curies":[{"name":"wp","href":"https:\/\/api.w.org\/{rel}","templated":true}]}}