{"id":33,"date":"2015-09-27T14:07:09","date_gmt":"2015-09-27T14:07:09","guid":{"rendered":"http:\/\/podcampus.phwien.ac.at\/textfetzt\/?page_id=33"},"modified":"2017-04-05T16:24:40","modified_gmt":"2017-04-05T16:24:40","slug":"schulslam","status":"publish","type":"page","link":"https:\/\/podcampus.phwien.ac.at\/textfetzt\/schulslam","title":{"rendered":"Text fetzt! &#8211; WSP Slam"},"content":{"rendered":"<p><strong><a href=\"http:\/\/podcampus.phwien.ac.at\/textfetzt\/files\/2015\/09\/PS_Icon.png\"><img loading=\"lazy\" decoding=\"async\" class=\"alignleft size-thumbnail wp-image-109\" src=\"http:\/\/podcampus.phwien.ac.at\/textfetzt\/files\/2015\/09\/PS_Icon-150x150.png\" alt=\"PS_Icon\" width=\"150\" height=\"150\" srcset=\"https:\/\/podcampus.phwien.ac.at\/textfetzt\/files\/2015\/09\/PS_Icon-150x150.png 150w, https:\/\/podcampus.phwien.ac.at\/textfetzt\/files\/2015\/09\/PS_Icon-300x300.png 300w, https:\/\/podcampus.phwien.ac.at\/textfetzt\/files\/2015\/09\/PS_Icon.png 1000w\" sizes=\"auto, (max-width: 150px) 100vw, 150px\" \/><\/a>&#8222;Text fetzt! &#8211; WSP-Slam&#8220;<br \/>\n<\/strong>(<strong>W<\/strong>iener <strong>S<\/strong>chul <strong>P<\/strong>oetry Slam)<strong>\u00a0<\/strong>&#8211; der Wettstreit der jungen DichterInnen<strong><br \/>\n<\/strong><\/p>\n<p><strong>Was ist ein Poetry Slam?<\/strong><br \/>\nDas ist ein Wettstreit von Textperformances. Die Grundregeln sind einfach: Die Texte m\u00fcssen selbst verfasst und selbst auf der B\u00fchne vorgetragen werden. Beim Auftritt sind keine Hilfsmittel wie z.B. Requisiten, Verkleidung, Musik oder Zuspielungen erlaubt. Textbl\u00e4tter sind gestattet. (Es kann\u00a0, muss aber nicht auswendig vorgetragen werden). Wie bei einer Rapbattle treten die SlammerInnen\u00a0vor Publikum auf , das Publikum vor Ort ist gleichzeitig Jury und bewertet die Auftritte mit Punkten. Wer die\u00a0meisten Punkte erreicht, hat gewonnen.<\/p>\n<p>Beim WSP &#8211; Slam treten auch Teams an &#8211; siehe unten.<\/p>\n<p>Weiterf\u00fchrende Infos:<br \/>\n#\u00a0<a href=\"http:\/\/www.lesen-in-deutschland.de\/html\/content.php?object=journal&amp;lid=845\" target=\"_blank\">Petra Anders:\u00a0Lesemotivation durch Poetry Slam<br \/>\n<\/a>#\u00a0<a href=\"http:\/\/www.miezemedusa.com\/mieze_slamt.php\" target=\"_blank\">Mieze Medusa: Poetry Slam Workshops an Schulen<\/a><a href=\"http:\/\/www.gymnasium-stainach.at\/news\/news\/285-poetry-slam-2014-siegervideo.html\" target=\"_blank\"><br \/>\n<\/a>#\u00a0<a href=\"https:\/\/de.wikipedia.org\/wiki\/Poetry_Slam\" target=\"_blank\">Wikipedia<\/a><\/p>\n<blockquote><p><strong>Wer darf am Finale des WSP &#8211; Slam teilnehmen?<\/strong><br \/>\nJede Wiener Schule kann TeilnehmerInnen benennen. Diese k\u00f6nnen einzeln oder auch \u00a0als Team (s) antreten.<br \/>\nDie\u00a0Teambildung \u00a0steht jeder Schule frei.<\/p>\n<p>Sollen mehr als drei Teams oder Einzelpersonen einer Schule antreten, so ersuchen wir im Voraus um Kontaktaufnahme.\u00a0Unterst\u00fctzung bei\u00a0den Vorbereitungen siehe unten.<\/p><\/blockquote>\n<blockquote><p><strong>Welche Texte d\u00fcrfen zum Finale des WSP eingereicht werden?<strong><br \/>\n<\/strong><\/strong>Es sind alle Formen von Texten (Lyrik, Prosa, Wortassoziationen, Raps, &#8230;) zugelassen.<br \/>\nDas Thema steht frei. Mehrsprachigkeit ist m\u00f6glich.<br \/>\nJedem Team stehen <strong>max. 5 Minuten<\/strong> f\u00fcr den Auftritt\u00a0zur Verf\u00fcgung.<br \/>\nVoraussetzung ist, dass die Texte selbst verfasst wurden und keine Pers\u00f6nlichkeits- oder Urheberrechte verletzen.<br \/>\n(Siehe dazu auch die\u00a0<a href=\"http:\/\/podcampus.phwien.ac.at\/textfetzt\/schulslam\/teilnahmebedingungen-fuer-den-wiener-schul-poetry-slam\">Teilnahmebedingungen<\/a>)<\/p><\/blockquote>\n<blockquote><p><strong>Wann kann eingereicht werden?<\/strong><br \/>\n<strong>Ab 1. Dezember 2016<\/strong>\u00a0<strong>bis 3.April 2017 \u00fcber <a href=\"http:\/\/podcampus.phwien.ac.at\/textfetzt\/schulslam\/anmeldung\">diese Webseite<\/a><\/strong>.<br \/>\nEs k\u00f6nnen insgesamt\u00a0max. 12 Teams\/Einzelpersonen antreten. Die Reihung erfolgt nach dem Anmeldedatum.<\/p><\/blockquote>\n<blockquote><p><strong>Was gibt es zu gewinnen?<\/strong><br \/>\n1. Die Gunst des Publikums<br \/>\n2. JedeR einreichende Sch\u00fclerIn erh\u00e4lt eine Urkunde und\u00a0Buchpreise.<\/p>\n<p><strong>Ihr habt Fragen oder braucht Unterst\u00fctzung, Hilfe?<br \/>\n<\/strong>Beratung gibt es an der PH Wien beim <a href=\"http:\/\/podcampus.phwien.ac.at\/zli\" target=\"_blank\">ZLI<\/a>.<br \/>\n<strong>Kontakt: <a href=\"http:\/\/podcampus.phwien.ac.at\/zli\/team\/christian-berger\" target=\"_blank\">Christian Berger<\/a><\/strong><\/p>\n<p>Unterst\u00fctzung bei der Erarbeitung von Slam Beitr\u00e4gen bieten erfahrene SlammerInnen (u.a.\u00a0<a href=\"http:\/\/www.reimfieber.com\/\">Sabine Sobotka<\/a>,\u00a0<a href=\"http:\/\/miezemedusa.com\/\">Mieze Medusa<\/a>).<\/p>\n<p><strong>Die <a href=\"https:\/\/freinetgruppewien.wordpress.com\" target=\"_blank\">Freinetgruppe Wien<\/a> bietet am 12.J\u00e4nner 2017 um 19 Uhr einen Workshop f\u00fcr LehrerInnen an. <a href=\"https:\/\/freinetgruppewien.wordpress.com\/anmeldung-zum-slam-workshop\/\" target=\"_blank\">Anmeldung erforderlich.<br \/>\n<\/a><\/strong><br \/>\nWorkshops mit den SlammerInnen f\u00fcr Schulklassen k\u00f6nnen bei <a href=\"http:\/\/www.kulturkontakt.or.at\/dva\" target=\"_blank\">KulturKontakt Austria<\/a> im Rahmen des Programmes &#8222;Dialogveranstaltungen (DVA)&#8220; eingereicht werden. Link zum online Einreichformular: <a href=\"http:\/\/www.kulturkontakt.or.at\/dva\" target=\"_blank\">www.kulturkontakt.or.at\/dva<\/a>\u00a0(KKA).<br \/>\nEinreichen k\u00f6nnen LehrerInnen aller Schularten mit \u00d6ffentlichkeitsrecht, die Honorare der K\u00fcnstlerInnen k\u00f6nnen anteilig finanziert werden, ein Schulselbstbehalt muss gegeben sein.<br \/>\n<strong>Beratung (KKA)<\/strong> :<br \/>\nma&#114;&#105;&#x6e;&#x61;&#x2e;&#x73;te&#105;&#110;&#x65;&#x72;&#x40;&#x6b;ul&#116;&#117;&#114;&#x6b;&#x6f;&#x6e;&#x74;ak&#116;&#46;&#x6f;&#x72;&#x2e;&#x61;t T: +43 1 523 87 65 40<\/p><\/blockquote>\n<div style=\"width: 560px\" class=\"wp-caption aligncenter\"><img loading=\"lazy\" decoding=\"async\" class=\"\" src=\"http:\/\/podcampus.phwien.ac.at\/zli\/wp-content\/blogs.dir\/27\/files\/photo-gallery\/2016-04-20-text-fetzt\/20160420_185659_HDR.jpg\" alt=\"Die TeilnehmerInnen des Poetry Slams\" width=\"550\" height=\"314\" \/><p class=\"wp-caption-text\">Wiener Schul Poetry Slam 2016<\/p><\/div>\n<p><iframe loading=\"lazy\" src=\"http:\/\/podcampus.phwien.ac.at\/archiv\/file_embed?format=audio&amp;file=4268&amp;width=640\" width=\"100%\" height=\"100\" scrolling=\"no\"><\/iframe><\/p>\n","protected":false},"excerpt":{"rendered":"<p>&#8222;Text fetzt! &#8211; WSP-Slam&#8220; (Wiener Schul Poetry Slam)\u00a0&#8211; der Wettstreit der jungen DichterInnen Was ist ein Poetry Slam? Das ist ein Wettstreit von Textperformances. Die Grundregeln sind einfach: Die Texte m\u00fcssen selbst verfasst und selbst auf der B\u00fchne vorgetragen werden. &hellip; <a href=\"https:\/\/podcampus.phwien.ac.at\/textfetzt\/schulslam\">Weiterlesen <span class=\"meta-nav\">&rarr;<\/span><\/a><\/p>\n","protected":false},"author":4,"featured_media":0,"parent":0,"menu_order":0,"comment_status":"closed","ping_status":"open","template":"","meta":{"footnotes":""},"class_list":["post-33","page","type-page","status-publish","hentry"],"acf":[],"_links":{"self":[{"href":"https:\/\/podcampus.phwien.ac.at\/textfetzt\/wp-json\/wp\/v2\/pages\/33","targetHints":{"allow":["GET"]}}],"collection":[{"href":"https:\/\/podcampus.phwien.ac.at\/textfetzt\/wp-json\/wp\/v2\/pages"}],"about":[{"href":"https:\/\/podcampus.phwien.ac.at\/textfetzt\/wp-json\/wp\/v2\/types\/page"}],"author":[{"embeddable":true,"href":"https:\/\/podcampus.phwien.ac.at\/textfetzt\/wp-json\/wp\/v2\/users\/4"}],"replies":[{"embeddable":true,"href":"https:\/\/podcampus.phwien.ac.at\/textfetzt\/wp-json\/wp\/v2\/comments?post=33"}],"version-history":[{"count":48,"href":"https:\/\/podcampus.phwien.ac.at\/textfetzt\/wp-json\/wp\/v2\/pages\/33\/revisions"}],"predecessor-version":[{"id":466,"href":"https:\/\/podcampus.phwien.ac.at\/textfetzt\/wp-json\/wp\/v2\/pages\/33\/revisions\/466"}],"wp:attachment":[{"href":"https:\/\/podcampus.phwien.ac.at\/textfetzt\/wp-json\/wp\/v2\/media?parent=33"}],"curies":[{"name":"wp","href":"https:\/\/api.w.org\/{rel}","templated":true}]}}

<p><strong><a href="http://podcampus.phwien.ac.at/textfetzt/files/2015/09/PS_Icon.png"><img loading="lazy" decoding="async" class="alignleft size-thumbnail wp-image-109" src="http://podcampus.phwien.ac.at/textfetzt/files/2015/09/PS_Icon-150x150.png" alt="PS_Icon" width="150" height="150" srcset="https://podcampus.phwien.ac.at/textfetzt/files/2015/09/PS_Icon-150x150.png 150w, https://podcampus.phwien.ac.at/textfetzt/files/2015/09/PS_Icon-300x300.png 300w, https://podcampus.phwien.ac.at/textfetzt/files/2015/09/PS_Icon.png 1000w" sizes="auto, (max-width: 150px) 100vw, 150px" /></a>&#8222;Text fetzt! &#8211; WSP-Slam&#8220;<br />
</strong>(<strong>W</strong>iener <strong>S</strong>chul <strong>P</strong>oetry Slam)<strong> </strong>&#8211; der Wettstreit der jungen DichterInnen<strong><br />
</strong></p>
<p><strong>Was ist ein Poetry Slam?</strong><br />
Das ist ein Wettstreit von Textperformances. Die Grundregeln sind einfach: Die Texte müssen selbst verfasst und selbst auf der Bühne vorgetragen werden. Beim Auftritt sind keine Hilfsmittel wie z.B. Requisiten, Verkleidung, Musik oder Zuspielungen erlaubt. Textblätter sind gestattet. (Es kann , muss aber nicht auswendig vorgetragen werden). Wie bei einer Rapbattle treten die SlammerInnen vor Publikum auf , das Publikum vor Ort ist gleichzeitig Jury und bewertet die Auftritte mit Punkten. Wer die meisten Punkte erreicht, hat gewonnen.</p>
<p>Beim WSP &#8211; Slam treten auch Teams an &#8211; siehe unten.</p>
<p>Weiterführende Infos:<br />
# <a href="http://www.lesen-in-deutschland.de/html/content.php?object=journal&amp;lid=845" target="_blank">Petra Anders: Lesemotivation durch Poetry Slam<br />
</a># <a href="http://www.miezemedusa.com/mieze_slamt.php" target="_blank">Mieze Medusa: Poetry Slam Workshops an Schulen</a><a href="http://www.gymnasium-stainach.at/news/news/285-poetry-slam-2014-siegervideo.html" target="_blank"><br />
</a># <a href="https://de.wikipedia.org/wiki/Poetry_Slam" target="_blank">Wikipedia</a></p>
<blockquote><p><strong>Wer darf am Finale des WSP &#8211; Slam teilnehmen?</strong><br />
Jede Wiener Schule kann TeilnehmerInnen benennen. Diese können einzeln oder auch  als Team (s) antreten.<br />
Die Teambildung  steht jeder Schule frei.</p>
<p>Sollen mehr als drei Teams oder Einzelpersonen einer Schule antreten, so ersuchen wir im Voraus um Kontaktaufnahme. Unterstützung bei den Vorbereitungen siehe unten.</p></blockquote>
<blockquote><p><strong>Welche Texte dürfen zum Finale des WSP eingereicht werden?<strong><br />
</strong></strong>Es sind alle Formen von Texten (Lyrik, Prosa, Wortassoziationen, Raps, &#8230;) zugelassen.<br />
Das Thema steht frei. Mehrsprachigkeit ist möglich.<br />
Jedem Team stehen <strong>max. 5 Minuten</strong> für den Auftritt zur Verfügung.<br />
Voraussetzung ist, dass die Texte selbst verfasst wurden und keine Persönlichkeits- oder Urheberrechte verletzen.<br />
(Siehe dazu auch die <a href="http://podcampus.phwien.ac.at/textfetzt/schulslam/teilnahmebedingungen-fuer-den-wiener-schul-poetry-slam">Teilnahmebedingungen</a>)</p></blockquote>
<blockquote><p><strong>Wann kann eingereicht werden?</strong><br />
<strong>Ab 1. Dezember 2016</strong> <strong>bis 3.April 2017 über <a href="http://podcampus.phwien.ac.at/textfetzt/schulslam/anmeldung">diese Webseite</a></strong>.<br />
Es können insgesamt max. 12 Teams/Einzelpersonen antreten. Die Reihung erfolgt nach dem Anmeldedatum.</p></blockquote>
<blockquote><p><strong>Was gibt es zu gewinnen?</strong><br />
1. Die Gunst des Publikums<br />
2. JedeR einreichende SchülerIn erhält eine Urkunde und Buchpreise.</p>
<p><strong>Ihr habt Fragen oder braucht Unterstützung, Hilfe?<br />
</strong>Beratung gibt es an der PH Wien beim <a href="http://podcampus.phwien.ac.at/zli" target="_blank">ZLI</a>.<br />
<strong>Kontakt: <a href="http://podcampus.phwien.ac.at/zli/team/christian-berger" target="_blank">Christian Berger</a></strong></p>
<p>Unterstützung bei der Erarbeitung von Slam Beiträgen bieten erfahrene SlammerInnen (u.a. <a href="http://www.reimfieber.com/">Sabine Sobotka</a>, <a href="http://miezemedusa.com/">Mieze Medusa</a>).</p>
<p><strong>Die <a href="https://freinetgruppewien.wordpress.com" target="_blank">Freinetgruppe Wien</a> bietet am 12.Jänner 2017 um 19 Uhr einen Workshop für LehrerInnen an. <a href="https://freinetgruppewien.wordpress.com/anmeldung-zum-slam-workshop/" target="_blank">Anmeldung erforderlich.<br />
</a></strong><br />
Workshops mit den SlammerInnen für Schulklassen können bei <a href="http://www.kulturkontakt.or.at/dva" target="_blank">KulturKontakt Austria</a> im Rahmen des Programmes &#8222;Dialogveranstaltungen (DVA)&#8220; eingereicht werden. Link zum online Einreichformular: <a href="http://www.kulturkontakt.or.at/dva" target="_blank">www.kulturkontakt.or.at/dva</a> (KKA).<br />
Einreichen können LehrerInnen aller Schularten mit Öffentlichkeitsrecht, die Honorare der KünstlerInnen können anteilig finanziert werden, ein Schulselbstbehalt muss gegeben sein.<br />
<strong>Beratung (KKA)</strong> :<br />
ma&#114;&#105;&#x6e;&#x61;&#x2e;&#x73;te&#105;&#110;&#x65;&#x72;&#x40;&#x6b;ul&#116;&#117;&#114;&#x6b;&#x6f;&#x6e;&#x74;ak&#116;&#46;&#x6f;&#x72;&#x2e;&#x61;t T: +43 1 523 87 65 40</p></blockquote>
<div style="width: 560px" class="wp-caption aligncenter"><img loading="lazy" decoding="async" class="" src="http://podcampus.phwien.ac.at/zli/wp-content/blogs.dir/27/files/photo-gallery/2016-04-20-text-fetzt/20160420_185659_HDR.jpg" alt="Die TeilnehmerInnen des Poetry Slams" width="550" height="314" /><p class="wp-caption-text">Wiener Schul Poetry Slam 2016</p></div>
<p><iframe loading="lazy" src="http://podcampus.phwien.ac.at/archiv/file_embed?format=audio&amp;file=4268&amp;width=640" width="100%" height="100" scrolling="no"></iframe></p>

<p>&#8222;Text fetzt! &#8211; WSP-Slam&#8220; (Wiener Schul Poetry Slam) &#8211; der Wettstreit der jungen DichterInnen Was ist ein Poetry Slam? Das ist ein Wettstreit von Textperformances. Die Grundregeln sind einfach: Die Texte müssen selbst verfasst und selbst auf der Bühne vorgetragen werden. &hellip; <a href="https://podcampus.phwien.ac.at/textfetzt/schulslam">Weiterlesen <span class="meta-nav">&rarr;</span></a></p>
